is the remainder when 1652904 is divided by 13?
6
Calculate the remainder when 1440214 is divided by 538.
526
Calculate the remainder when 42593078 is divided by 4030.
8
What is the remainder when 27522 is divided by 50?
22
Calculate the remainder when 31131177 is divided by 597.
15
What is the remainder when 12268062 is divided by 471848?
14
What is the remainder when 9437082 is divided by 9437078?
4
Calculate the remainder when 1153977 is divided by 41.
32
What is the remainder when 452681 is divided by 21556?
5
What is the remainder when 1401520 is divided by 1559?
1538
Calculate the remainder when 87867 is divided by 10715.
2147
What is the remainder when 415476809 is divided by 799?
5
What is the remainder when 24752 is divided by 6032?
624
Calculate the remainder when 665058886 is divided by 4383.
4381
What is the remainder when 38595729 is divided by 12865226?
51
Calculate the remainder when 725487 is divided by 10992.
15
What is the remainder when 706013 is divided by 1453?
1308
Calculate the remainder when 540933 is divided by 89914.
1449
What is the remainder when 937466 is divided by 72112?
10
What is the remainder when 305066 is divided by 20260?
1166
Calculate the remainder when 10827734 is divided by 220972.
106
Calculate the remainder when 268060 is divided by 455.
65
Calculate the remainder when 519599 is divided by 1147.
8
What is the remainder when 203368 is divided by 310?
8
Calculate the remainder when 13533295 is divided by 16.
15
What is the remainder when 154526 is divided by 3792?
2846
Calculate the remainder when 15832642 is divided by 833296.
18
What is the remainder when 85234940 is divided by 913?
912
What is the remainder when 394460 is divided by 56351?
3
What is the remainder when 627211 is divided by 1153?
1132
What is the remainder when 46214187 is divided by 495?
492
What is the remainder when 81782601 is divided by 216?
33
What is the remainder when 81113 is divided by 264?
65
Calculate the remainder when 210789910 is divided by 1236.
1234
What is the remainder when 109334 is divided by 27173?
642
Calculate the remainder when 144156406 is divided by 10.
6
What is the remainder when 12591767 is divided by 29?
25
What is the remainder when 6661 is divided by 683?
514
What is the remainder when 3969506 is divided by 61?
53
Calculate the remainder when 169482 is divided by 3750.
732
Calculate the remainder when 13425 is divided by 1328.
145
What is the remainder when 1511227 is divided by 154?
25
What is the remainder when 4084670 is divided by 1866?
1862
Calculate the remainder when 596556 is divided by 10.
6
What is the remainder when 7920 is divided by 4206?
3714
Calculate the remainder when 4553482 is divided by 910693.
17
Calculate the remainder when 9335458 is divided by 9806.
146
What is the remainder when 17162648 is divided by 25?
23
What is the remainder when 10050748 is divided by 2010116?
168
What is the remainder when 281797 is divided by 23483?
1
What is the remainder when 403483 is divided by 141?
82
Calculate the remainder when 8972 is divided by 2180.
252
Calculate the remainder when 205556773 is divided by 255.
253
What is the remainder when 3496461 is divided by 699289?
16
Calculate the remainder when 345999 is divided by 1240.
39
What is the remainder when 22371 is divided by 373?
364
What is the remainder when 2062915 is divided by 2531?
150
Calculate the remainder when 312297 is divided by 5836.
2989
Calculate the remainder when 13563796 is divided by 4521265.
1
Calculate the remainder when 723791 is divided by 186.
65
What is the remainder when 956464 is divided by 98?
82
Calculate the remainder when 80647428 is divided by 67.
64
What is the remainder when 32009491 is divided by 545?
6
Calculate the remainder when 114010763 is divided by 9.
5
Calculate the remainder when 2180002 is divided by 7676.
18
Calculate the remainder when 6538807 is divided by 29191.
23
Calculate the remainder when 7204 is divided by 7160.
44
Calculate the remainder when 4895254 is divided by 165.
34
Calculate the remainder when 1304786 is divided by 786.
26
What is the remainder when 4158651 is divided by 2?
1
What is the remainder when 265334 is divided by 10203?
56
Calculate the remainder when 1339877 is divided by 314.
39
What is the remainder when 65757 is divided by 10654?
1833
What is the remainder when 56678896 is divided by 230?
226
Calculate the remainder when 487217247 is divided by 2925.
2922
What is the remainder when 1259058 is divided by 197?
31
What is the remainder when 154082399 is divided by 1711?
5
What is the remainder when 2625775 is divided by 10?
5
Calculate the remainder when 8427375 is divided by 3864.
3855
Calculate the remainder when 87447777 is divided by 43.
10
Calculate the remainder when 251757 is divided by 1414.
65
Calculate the remainder when 30740984 is divided by 273.
92
Calculate the remainder when 150893 is divided by 463.
418
What is the remainder when 6773108 is divided by 216?
212
Calculate the remainder when 261346400 is divided by 2329.
2323
Calculate the remainder when 27021 is divided by 30.
21
Calculate the remainder when 1956422 is divided by 39925.
97
What is the remainder when 259539 is divided by 14?
7
What is the remainder when 2666531 is divided by 8601?
221
Calculate the remainder when 435958 is divided by 18659.
6801
Calculate the remainder when 101296722 is divided by 869.
868
What is the remainder when 2243441 is divided by 464?
1
Calculate the remainder when 5428350 is divided by 144.
126
Calculate the remainder when 33215297 is divided by 50556.
5
What is the remainder when 389888 is divided by 6283?
342
What is the remainder when 1059324 is divided by 529652?
20
What is the remainder when 213803 is divided by 106757?
289
What is the remainder when 7579208 is divided by 291?
113
Calculate the remainder when 3698187 is divided by 52.
51
What is the remainder when 39652621 is divided by 39?
34
What is the remainder when 604703 is divided by 4824?
1703
Calculate the remainder when 62116437 is divided by 18789.
3
What is the remainder when 890749 is divided by 10479?
34
Calculate the remainder when 13579336 is divided by 157.
92
What is the remainder when 14773 is divided by 2812?
713
What is the remainder when 2979664 is divided by 22?
6
Calculate the remainder when 161083 is divided by 22951.
426
Calculate the remainder when 4984577 is divided by 15824.
17
Calculate the remainder when 298086 is divided by 2309.
225
Calculate the remainder when 3090689 is divided by 21315.
14
What is the remainder when 1406734 is divided by 2329?
18
Calculate the remainder when 1049301 is divided by 13116.
21
What is the remainder when 8869 is divided by 1319?
955
What is the remainder when 1716395 is divided by 146?
19
Calculate the remainder when 7426802 is divided by 999.
236
What is the remainder when 2057451190 is divided by 37?
34
What is the remainder when 2543427 is divided by 55?
7
What is the remainder when 96463455 is divided by 63?
60
Calculate the remainder when 7472140 is divided by 13586.
13426
What is the remainder when 15460818 is divided by 86?
82
Calculate the remainder when 5931673 is divided by 94.
85
Calculate the remainder when 3881644 is divided by 101.
12
What is the remainder when 495404 is divided by 636?
596
What is the remainder when 1021960 is divided by 2755?
2610
Calculate the remainder when 555013678 is divided by 15.
13
Calculate the remainder when 1037904 is divided by 10191.
8613
Calculate the remainder when 2559178 is divided by 1214.
66
Calculate the remainder when 16202706 is divided by 300.
6
What is the remainder when 1429221 is divided by 1429188?
33
What is the remainder when 629629 is divided by 629592?
37
What is the remainder when 499170 is divided by 731?
628
Calculate the remainder when 4214383 is divided by 15.
13
Calculate the remainder when 2552602 is divided by 18497.
16
What is the remainder when 599151 is divided by 417?
339
What is the remainder when 319560 is divided by 254?
28
Calculate the remainder when 232002 is divided by 38579.
528
Calculate the remainder when 33498 is divided by 1085.
948
Calculate the remainder when 7630868 is divided by 2785.
2753
What is the remainder when 2906767 is divided by 78561?
10
Cal